 when 51 is divided by 27.
24
What is the remainder when 109 is divided by 109?
0
Calculate the remainder when 499 is divided by 101.
95
Calculate the remainder when 58 is divided by 17.
7
What is the remainder when 48 is divided by 10?
8
What is the remainder when 73 is divided by 15?
13
What is the remainder when 8 is divided by 1?
0
What is the remainder when 6074 is divided by 81?
80
What is the remainder when 313 is divided by 67?
45
What is the remainder when 5157 is divided by 15?
12
What is the remainder when 877 is divided by 110?
107
Calculate the remainder when 1717 is divided by 21.
16
What is the remainder when 1018 is divided by 279?
181
Calculate the remainder when 998 is divided by 100.
98
What is the remainder when 185 is divided by 142?
43
Calculate the remainder when 112 is divided by 44.
24
What is the remainder when 30 is divided by 16?
14
Calculate the remainder when 18 is divided by 7.
4
What is the remainder when 278 is divided by 14?
12
What is the remainder when 1267 is divided by 12?
7
What is the remainder when 162 is divided by 65?
32
What is the remainder when 363 is divided by 47?
34
Calculate the remainder when 283 is divided by 144.
139
Calculate the remainder when 5579 is divided by 7.
0
Calculate the remainder when 453 is divided by 49.
12
What is the remainder when 1905 is divided by 235?
25
What is the remainder when 1927 is divided by 200?
127
Calculate the remainder when 1355 is divided by 66.
35
Calculate the remainder when 124 is divided by 36.
16
What is the remainder when 57 is divided by 31?
26
What is the remainder when 7 is divided by 3?
1
What is the remainder when 171 is divided by 59?
53
Calculate the remainder when 643 is divided by 59.
53
What is the remainder when 987 is divided by 35?
7
Calculate the remainder when 1367 is divided by 76.
75
What is the remainder when 118 is divided by 43?
32
Calculate the remainder when 154 is divided by 57.
40
Calculate the remainder when 165 is divided by 34.
29
Calculate the remainder when 320 is divided by 54.
50
Calculate the remainder when 367 is divided by 115.
22
What is the remainder when 3379 is divided by 69?
67
Calculate the remainder when 1381 is divided by 32.
5
Calculate the remainder when 655 is divided by 2.
1
What is the remainder when 5448 is divided by 11?
3
Calculate the remainder when 130 is divided by 62.
6
What is the remainder when 17 is divided by 9?
8
What is the remainder when 187 is divided by 3?
1
Calculate the remainder when 395 is divided by 17.
4
Calculate the remainder when 1461 is divided by 17.
16
What is the remainder when 966 is divided by 27?
21
Calculate the remainder when 71 is divided by 19.
14
Calculate the remainder when 159 is divided by 33.
27
Calculate the remainder when 16027 is divided by 5341.
4
What is the remainder when 397 is divided by 103?
88
What is the remainder when 40 is divided by 15?
10
What is the remainder when 711 is divided by 7?
4
Calculate the remainder when 77 is divided by 56.
21
What is the remainder when 7762 is divided by 35?
27
Calculate the remainder when 289 is divided by 58.
57
What is the remainder when 339 is divided by 20?
19
What is the remainder when 1211 is divided by 123?
104
Calculate the remainder when 291 is divided by 73.
72
Calculate the remainder when 145 is divided by 73.
72
Calculate the remainder when 767 is divided by 7.
4
Calculate the remainder when 81 is divided by 22.
15
What is the remainder when 779 is divided by 21?
2
What is the remainder when 342 is divided by 43?
41
What is the remainder when 5457 is divided by 156?
153
Calculate the remainder when 934 is divided by 72.
70
What is the remainder when 121 is divided by 44?
33
Calculate the remainder when 290 is divided by 146.
144
What is the remainder when 29 is divided by 15?
14
What is the remainder when 44 is divided by 9?
8
Calculate the remainder when 7335 is divided by 8.
7
What is the remainder when 172 is divided by 45?
37
What is the remainder when 2064 is divided by 47?
43
What is the remainder when 381 is divided by 35?
31
What is the remainder when 1134 is divided by 327?
153
Calculate the remainder when 86 is divided by 19.
10
What is the remainder when 42 is divided by 35?
7
What is the remainder when 958 is divided by 20?
18
Calculate the remainder when 399 is divided by 81.
75
Calculate the remainder when 247 is divided by 34.
9
What is the remainder when 1525 is divided by 112?
69
What is the remainder when 164 is divided by 39?
8
What is the remainder when 6009 is divided by 35?
24
What is the remainder when 960 is divided by 415?
130
What is the remainder when 5982 is divided by 34?
32
Calculate the remainder when 356 is divided by 33.
26
What is the remainder when 31537 is divided by 4?
1
Calculate the remainder when 405 is divided by 24.
21
What is the remainder when 331 is divided by 319?
12
What is the remainder when 386 is divided by 97?
95
What is the remainder when 1270 is divided by 125?
20
Calculate the remainder when 8818 is divided by 10.
8
Calculate the remainder when 240 is divided by 61.
57
Calculate the remainder when 514 is divided by 103.
102
What is the remainder when 127 is divided by 23?
12
What is the remainder when 103 is divided by 23?
11
Calculate the remainder when 114 is divided by 10.
4
Calculate the remainder when 470 is divided by 95.
90
What is the remainder when 212 is divided by 67?
11
Calculate the remainder when 1590 is divided by 199.
197
Calculate the remainder when 356 is divided by 17.
16
Calculate the remainder when 111 is divided by 43.
25
Calculate the remainder when 32556 is divided by 296.
292
What is the remainder when 925 is divided by 40?
5
Calculate the remainder when 231 is divided by 80.
71
What is the remainder when 164 is divided by 28?
24
Calculate the remainder when 1667 is divided by 55.
17
Calculate the remainder when 2968 is divided by 66.
64
What is the remainder when 1806 is divided by 90?
6
Calculate the remainder when 7955 is divided by 332.
319
What is the remainder when 20 is divided by 1?
0
Calculate the remainder when 645 is divided by 18.
15
What is the remainder when 151 is divided by 139?
12
Calculate the remainder when 369 is divided by 31.
28
What is the remainder when 2723 is divided by 58?
55
What is the remainder when 82 is divided by 14?
12
What is the remainder when 927 is divided by 10?
7
Calculate the remainder when 146 is divided by 21.
20
Calculate the remainder when 1554 is divided by 52.
46
What is the remainder when 17761 is divided by 11?
7
What is the remainder when 307 is divided by 23?
8
Calculate the remainder when 1992 is divided by 248.
8
Calculate the remainder when 1166 is divided by 26.
22
Calculate the remainder when 18 is divided by 14.
4
Calculate the remainder when 1115 is divided by 278.
3
What is the remainder when 4683 is divided by 43?
39
What is the remainder when 5704 is divided by 48?
40
Calculate the remainder when 150 is divided by 30.
0
What is the remainder when 1691 is divided by 14?
11
What is the remainder when 274 is divided by 51?
19
Calculate the remainder when 34 is divided by 26.
8
What is the remainder when 690 is divided by 33?
30
What is the remainder when 559 is divided by 11?
9
Calculate the remainder when 790 is divided by 53.
48
Calculate the remainder when 2659 is divided by 89.
78
Calculate the remainder when 216 is divided by 50.
16
Calculate the remainder when 158 is divided by 12.
2
What is the remainder when 168 is divided by 9?
6
What is the remainder when 68 is divided by 15?
8
What is the remainder when 712 is divided by 55?
52
Calculate the remainder when 106 is divided by 99.
7
What is the remainder when 457 is divided by 79?
62
What is the remainder when 7975 is divided by 30?
25
What is the remainder when 112 is divided by 31?
19
Calculate the remainder when 1947 is divided by 25.
22
Calculate the remainder when 591 is divided by 162.
105
Calculate the remainder when 1380 is divided by 9.
3
Calculate the remainder when 316 is divided by 28.
8
What is the remainder when 392 is divided by 40?
32
What is the remainder when 176 is divided by 45?
41
What is the remainder when 10962 is divided by 51?
48
What is the remainder when 98 is divided by 9?
8
Calcula